{"id":3351,"date":"2017-07-20T15:09:59","date_gmt":"2017-07-20T14:09:59","guid":{"rendered":"https:\/\/villena.salesianos.edu\/ampa\/?page_id=3351"},"modified":"2019-01-11T15:51:01","modified_gmt":"2019-01-11T14:51:01","slug":"musicalampa","status":"publish","type":"page","link":"https:\/\/villena.salesianos.edu\/ampa\/musicalampa\/","title":{"rendered":"Musicales"},"content":{"rendered":"<div id=\"fb-root\"><\/div>\n<p>[et_pb_section bb_built=\u00bb1&#8243; fullwidth=\u00bbon\u00bb specialty=\u00bboff\u00bb next_background_color=\u00bb#000000&#8243;][et_pb_fullwidth_header title=\u00bbMusicales\u00bb background_layout=\u00bblight\u00bb text_orientation=\u00bbleft\u00bb header_fullscreen=\u00bboff\u00bb header_scroll_down=\u00bboff\u00bb background_url=\u00bbhttps:\/\/inspectoria.salesianos.edu\/wp-content\/uploads\/2017\/02\/ImagenPAGINA01.png\u00bb content_orientation=\u00bbcenter\u00bb image_orientation=\u00bbcenter\u00bb title_font_color=\u00bb#ffffff\u00bb custom_button_one=\u00bboff\u00bb button_one_letter_spacing=\u00bb0&#8243; button_one_icon_placement=\u00bbright\u00bb button_one_letter_spacing_hover=\u00bb0&#8243; custom_button_two=\u00bboff\u00bb button_two_letter_spacing=\u00bb0&#8243; button_two_icon_placement=\u00bbright\u00bb button_two_letter_spacing_hover=\u00bb0&#8243; module_class=\u00bbpagina-imagen-cabecera\u00bb title_font_size=\u00bb40px\u00bb _builder_version=\u00bb3.0.92&#8243; background_image=\u00bbhttps:\/\/villena.salesianos.edu\/ampa\/wp-content\/uploads\/sites\/5\/2017\/07\/musical2.jpg\u00bb title_text_color=\u00bb#ffffff\u00bb background_color=\u00bbrgba(255, 255, 255, 0)\u00bb button_one_text_size__hover_enabled=\u00bboff\u00bb button_one_text_size__hover=\u00bbnull\u00bb button_two_text_size__hover_enabled=\u00bboff\u00bb button_two_text_size__hover=\u00bbnull\u00bb button_one_text_color__hover_enabled=\u00bboff\u00bb button_one_text_color__hover=\u00bbnull\u00bb button_two_text_color__hover_enabled=\u00bboff\u00bb button_two_text_color__hover=\u00bbnull\u00bb button_one_border_width__hover_enabled=\u00bboff\u00bb button_one_border_width__hover=\u00bbnull\u00bb button_two_border_width__hover_enabled=\u00bboff\u00bb button_two_border_width__hover=\u00bbnull\u00bb button_one_border_color__hover_enabled=\u00bboff\u00bb button_one_border_color__hover=\u00bbnull\u00bb button_two_border_color__hover_enabled=\u00bboff\u00bb button_two_border_color__hover=\u00bbnull\u00bb button_one_border_radius__hover_enabled=\u00bboff\u00bb button_one_border_radius__hover=\u00bbnull\u00bb button_two_border_radius__hover_enabled=\u00bboff\u00bb button_two_border_radius__hover=\u00bbnull\u00bb button_one_letter_spacing__hover_enabled=\u00bbon\u00bb button_one_letter_spacing__hover=\u00bb0&#8243; button_two_letter_spacing__hover_enabled=\u00bbon\u00bb button_two_letter_spacing__hover=\u00bb0&#8243; button_one_bg_color__hover_enabled=\u00bboff\u00bb button_one_bg_color__hover=\u00bbnull\u00bb button_two_bg_color__hover_enabled=\u00bboff\u00bb button_two_bg_color__hover=\u00bbnull\u00bb \/][\/et_pb_section][et_pb_section bb_built=\u00bb1&#8243; fullwidth=\u00bboff\u00bb specialty=\u00bboff\u00bb transparent_background=\u00bboff\u00bb allow_player_pause=\u00bboff\u00bb inner_shadow=\u00bboff\u00bb parallax=\u00bboff\u00bb parallax_method=\u00bboff\u00bb custom_padding=\u00bb-4%|||\u00bb make_fullwidth=\u00bboff\u00bb use_custom_width=\u00bboff\u00bb width_unit=\u00bbon\u00bb make_equal=\u00bboff\u00bb use_custom_gutter=\u00bboff\u00bb module_class=\u00bbpagina-seccion-contenido\u00bb prev_background_color=\u00bb#ffffff\u00bb next_background_color=\u00bb#ffffff\u00bb][et_pb_row make_fullwidth=\u00bboff\u00bb use_custom_width=\u00bboff\u00bb width_unit=\u00bbon\u00bb use_custom_gutter=\u00bboff\u00bb allow_player_pause=\u00bboff\u00bb parallax=\u00bboff\u00bb parallax_method=\u00bboff\u00bb make_equal=\u00bboff\u00bb parallax_1=\u00bboff\u00bb parallax_method_1=\u00bboff\u00bb module_class=\u00bbpagina-texto\u00bb background_position=\u00bbtop_left\u00bb background_repeat=\u00bbrepeat\u00bb background_size=\u00bbinitial\u00bb][et_pb_column type=\u00bb4_4&#8243;][et_pb_text _builder_version=\u00bb3.18.7&#8243;]<\/p>\n<div class=\"et_pb_module et_pb_post_title et_pb_post_title_0 et_pb_bg_layout_light\">\n<div class=\"et_pb_title_container\">\n<h1 class=\"entry-title\">Musicales<\/h1>\n<\/div>\n<\/div>\n<div class=\"et_pb_text et_pb_module et_pb_bg_layout_light et_pb_text_align_justified et_pb_text_0\">\n<div class=\"et_pb_text_inner\">\n<blockquote>\n<p><b>Cuatro Musicales llevamos ya en nuestro haber. Durante el pasado curso se llevaron a cabo las representaciones de nuestra \u00faltima\u00a0obra \u00abEl musical de tus vecinos\u00bb.<\/b><\/p>\n<\/blockquote>\n<p><span style=\"font-weight: 400;\">Ya son varios a\u00f1os que surgi\u00f3 desde la Asociaci\u00f3n el poder realizar alguna actividad diferente y atractiva, que pudiera atraer la atenci\u00f3n de los miembros. Involucrando a padres y madres en el entorno y ambiente que se vive dentro de la escuela.<\/span><\/p>\n<p><span style=\"font-weight: 400;\">El primer musical fue GREASE, despu\u00e9s MAM\u00c1 QUIERO SER ARTISTA,\u00a0Y ESTE A\u00d1O\u2026 ZARZUELA y el \u00faltimo proyecto que nos embarcamos EL MUSICAL DE TUS VECINOS.<\/span><\/p>\n<p><span style=\"font-weight: 400;\">Adem\u00e1s de los buenos momentos vividos en ensayos, preparativos y actuaciones ayudamos con organizaciones sociales con \u00a0gran parte de la recaudaci\u00f3n recibida en cada uno de los espect\u00e1culos.<\/span><\/p>\n<p>&nbsp;<\/p>\n<\/div>\n<\/div>\n<p>[\/et_pb_text][\/et_pb_column][\/et_pb_row][et_pb_row make_fullwidth=\u00bbon\u00bb custom_padding=\u00bb26.375px|0px|0px|0px\u00bb _builder_version=\u00bb3.0.92&#8243;][et_pb_column type=\u00bb2_3&#8243;][et_pb_divider _builder_version=\u00bb3.0.92&#8243; height=\u00bb35px\u00bb color=\u00bb#ffffff\u00bb show_divider=\u00bboff\u00bb \/][et_pb_blurb title=\u00bb\u00a1Nuevo Proyecto!\u00bb use_icon=\u00bbon\u00bb font_icon=\u00bb%%377%%\u00bb icon_color=\u00bb#d31d1d\u00bb icon_placement=\u00bbleft\u00bb content_max_width=\u00bb1079px\u00bb use_icon_font_size=\u00bbon\u00bb icon_font_size=\u00bb120px\u00bb disabled_on=\u00bbon|off|off\u00bb _builder_version=\u00bb3.18.7&#8243; header_level=\u00bbh2&#8243; header_font=\u00bbLato|300|||||||\u00bb header_font_size=\u00bb43px\u00bb body_line_height=\u00bb1.3em\u00bb text_orientation=\u00bbcenter\u00bb custom_margin=\u00bb|||\u00bb custom_padding=\u00bb||10px|\u00bb]<\/p>\n<p>\u00a0<\/p>\n<p>Este a\u00f1o damos comienzo a un nuevo proyecto del taller de teatro musical que venimos realizando desde esta asociaci\u00f3n con vuestra inestimable colaboraci\u00f3n, ya son 8 a\u00f1os desde que comenz\u00f3 este proyecto que sea ha consolidado y del<br \/>que han surgido 4 musicales.<\/p>\n<p>Y ahora que hemos comenzado este nuevo a\u00f1o es momento de iniciar un nuevo proyecto y por eso nos gustar\u00eda que participases en el, no te podemos garantizar el estrellato o quiz\u00e1 s\u00ed, eso no depende de nosotros, pero lo que si que te garantizamos es que pasar\u00e1s muy buenos momentos, conocer\u00e1s a m\u00e1s padres y madres del Cole, aprender\u00e1s a bailar e interpretar, tendr\u00e1s la oportunidad de saber de primera mano lo que se siente encima de un escenario y sobre todo tendr\u00e1s la recompensa de tener de publico muy especial como son tus hij@s, junto con los del resto de compa\u00f1eros, haci\u00e9ndoles pasar un buen rato.<\/p>\n<p>[\/et_pb_blurb][\/et_pb_column][et_pb_column type=\u00bb1_3&#8243;][et_pb_image _builder_version=\u00bb3.18.7&#8243; src=\u00bbhttps:\/\/villena.salesianos.edu\/ampa\/wp-content\/uploads\/sites\/5\/2019\/01\/CARTEL-REUNION-MUSICAL.jpg\u00bb max_width=\u00bb69%\u00bb \/][\/et_pb_column][\/et_pb_row][\/et_pb_section][et_pb_section bb_built=\u00bb1&#8243; fullwidth=\u00bboff\u00bb specialty=\u00bboff\u00bb prev_background_color=\u00bb#000000&#8243; next_background_color=\u00bb#000000&#8243;][et_pb_row][et_pb_column type=\u00bb4_4&#8243;][et_pb_blurb title=\u00bbHistoria Musicales\u00bb use_icon=\u00bbon\u00bb font_icon=\u00bb%%100%%\u00bb icon_color=\u00bb#d31d1d\u00bb icon_placement=\u00bbleft\u00bb content_max_width=\u00bb1079px\u00bb use_icon_font_size=\u00bbon\u00bb icon_font_size=\u00bb120px\u00bb disabled_on=\u00bbon|off|off\u00bb _builder_version=\u00bb3.0.92&#8243; header_level=\u00bbh2&#8243; header_font=\u00bbLato|300|||||||\u00bb header_font_size=\u00bb43px\u00bb body_font_size=\u00bb16px\u00bb body_line_height=\u00bb1.3em\u00bb text_orientation=\u00bbcenter\u00bb custom_margin=\u00bb|||\u00bb custom_padding=\u00bb||10px|\u00bb url_new_window=\u00bboff\u00bb use_circle=\u00bboff\u00bb use_circle_border=\u00bboff\u00bb background_layout=\u00bblight\u00bb \/][\/et_pb_column][\/et_pb_row][et_pb_row background_position=\u00bbtop_left\u00bb background_repeat=\u00bbrepeat\u00bb background_size=\u00bbinitial\u00bb][et_pb_column type=\u00bb1_4&#8243;][et_pb_image _builder_version=\u00bb3.18.7&#8243; src=\u00bbhttps:\/\/villena.salesianos.edu\/ampa\/wp-content\/uploads\/sites\/5\/2017\/07\/FB_IMG_1500349774997.jpg\u00bb max_width=\u00bb95%\u00bb \/][et_pb_text admin_label=\u00bb(Texto)\u00bb text_orientation=\u00bbcenter\u00bb max_width=\u00bb200px\u00bb _builder_version=\u00bb3.18.7&#8243; text_font=\u00bbLato Light||||\u00bb text_font_size=\u00bb24px\u00bb custom_margin=\u00bb||20px|\u00bb animation_style=\u00bbslide\u00bb animation_direction=\u00bbtop\u00bb animation_duration=\u00bb500ms\u00bb animation_intensity_slide=\u00bb10%\u00bb saved_tabs=\u00bball\u00bb module_class=\u00bbpagina-texto-light\u00bb module_alignment=\u00bbcenter\u00bb]<\/p>\n<h4>2011<\/h4>\n<p>[\/et_pb_text][\/et_pb_column][et_pb_column type=\u00bb1_4&#8243;][et_pb_image _builder_version=\u00bb3.18.7&#8243; src=\u00bbhttps:\/\/villena.salesianos.edu\/ampa\/wp-content\/uploads\/sites\/5\/2017\/07\/Screenshot_20170718-054453.png\u00bb max_width=\u00bb95%\u00bb \/][et_pb_text admin_label=\u00bb(Texto)\u00bb text_orientation=\u00bbcenter\u00bb max_width=\u00bb200px\u00bb _builder_version=\u00bb3.18.7&#8243; text_font=\u00bbLato Light||||\u00bb text_font_size=\u00bb24px\u00bb custom_margin=\u00bb||20px|\u00bb animation_style=\u00bbslide\u00bb animation_direction=\u00bbtop\u00bb animation_duration=\u00bb500ms\u00bb animation_intensity_slide=\u00bb10%\u00bb saved_tabs=\u00bball\u00bb module_class=\u00bbpagina-texto-light\u00bb module_alignment=\u00bbcenter\u00bb]<\/p>\n<h4>2013<\/h4>\n<p>[\/et_pb_text][\/et_pb_column][et_pb_column type=\u00bb1_4&#8243;][et_pb_image _builder_version=\u00bb3.18.7&#8243; src=\u00bbhttps:\/\/villena.salesianos.edu\/ampa\/wp-content\/uploads\/sites\/5\/2017\/07\/FB_IMG_1500349324976.jpg\u00bb \/][et_pb_text admin_label=\u00bb(Texto)\u00bb text_orientation=\u00bbcenter\u00bb max_width=\u00bb200px\u00bb _builder_version=\u00bb3.18.7&#8243; text_font=\u00bbLato Light||||\u00bb text_font_size=\u00bb24px\u00bb custom_margin=\u00bb||20px|\u00bb animation_style=\u00bbslide\u00bb animation_direction=\u00bbtop\u00bb animation_duration=\u00bb500ms\u00bb animation_intensity_slide=\u00bb10%\u00bb saved_tabs=\u00bball\u00bb module_class=\u00bbpagina-texto-light\u00bb module_alignment=\u00bbcenter\u00bb]<\/p>\n<h4>2016<\/h4>\n<p>[\/et_pb_text][\/et_pb_column][et_pb_column type=\u00bb1_4&#8243;][et_pb_image _builder_version=\u00bb3.18.7&#8243; src=\u00bbhttps:\/\/villena.salesianos.edu\/ampa\/wp-content\/uploads\/sites\/5\/2018\/03\/cartelAMPA.jpg\u00bb \/][et_pb_text admin_label=\u00bb(Texto)\u00bb text_orientation=\u00bbcenter\u00bb max_width=\u00bb200px\u00bb _builder_version=\u00bb3.18.7&#8243; text_font=\u00bbLato Light||||\u00bb text_font_size=\u00bb24px\u00bb custom_margin=\u00bb||20px|\u00bb animation_style=\u00bbslide\u00bb animation_direction=\u00bbtop\u00bb animation_duration=\u00bb500ms\u00bb animation_intensity_slide=\u00bb10%\u00bb saved_tabs=\u00bball\u00bb module_class=\u00bbpagina-texto-light\u00bb module_alignment=\u00bbcenter\u00bb]<\/p>\n<h4>2018<\/h4>\n<p>[\/et_pb_text][\/et_pb_column][\/et_pb_row][\/et_pb_section][et_pb_section bb_built=\u00bb1&#8243; fullwidth=\u00bboff\u00bb specialty=\u00bboff\u00bb prev_background_color=\u00bb#000000&#8243;][et_pb_row make_fullwidth=\u00bbon\u00bb parallax_method=\u00bboff\u00bb parallax_method_1=\u00bboff\u00bb parallax_2=\u00bboff\u00bb parallax_method_2=\u00bboff\u00bb parallax_3=\u00bboff\u00bb parallax_method_3=\u00bboff\u00bb parallax_4=\u00bboff\u00bb parallax_method_4=\u00bboff\u00bb module_class=\u00bbcuatro-columnas\u00bb padding_mobile=\u00bboff\u00bb column_padding_mobile=\u00bbon\u00bb background_position=\u00bbtop_left\u00bb background_repeat=\u00bbrepeat\u00bb background_size=\u00bbinitial\u00bb _builder_version=\u00bb3.0.89&#8243; background_position_1=\u00bbtop_left\u00bb background_repeat_1=\u00bbno-repeat\u00bb][et_pb_column type=\u00bb4_4&#8243;][et_pb_blurb admin_label=\u00bbLa Asociaci\u00f3n\u00bb title=\u00bbLa Asociaci\u00f3n\u00bb url_new_window=\u00bboff\u00bb use_icon=\u00bbon\u00bb font_icon=\u00bb%%51%%\u00bb use_circle=\u00bbon\u00bb circle_color=\u00bb#ffffff\u00bb use_circle_border=\u00bbon\u00bb icon_placement=\u00bbtop\u00bb animation=\u00bbtop\u00bb background_layout=\u00bblight\u00bb text_orientation=\u00bbcenter\u00bb use_icon_font_size=\u00bboff\u00bb border_style=\u00bbsolid\u00bb body_font_size=\u00bb24&#8243; url=\u00bbhttps:\/\/villena.salesianos.edu\/ampa\/asociacionampa\/\u00bb header_font_size=\u00bb14&#8243; background_position=\u00bbtop_left\u00bb background_repeat=\u00bbrepeat\u00bb background_size=\u00bbinitial\u00bb _builder_version=\u00bb3.0.51&#8243; circle_border_color=\u00bb#727272&#8243; header_text_color=\u00bb#727272&#8243; background_image=\u00bbhttps:\/\/villena.salesianos.edu\/ampa\/wp-content\/uploads\/sites\/5\/2017\/06\/equipoinfantil01.jpg\u00bb image_max_width=\u00bb100%\u00bb \/][et_pb_blurb admin_label=\u00bbMusicales\u00bb title=\u00bbMusicales\u00bb url_new_window=\u00bboff\u00bb use_icon=\u00bbon\u00bb font_icon=\u00bb%%377%%\u00bb use_circle=\u00bbon\u00bb circle_color=\u00bb#ffffff\u00bb use_circle_border=\u00bbon\u00bb circle_border_color=\u00bb#727272&#8243; icon_placement=\u00bbtop\u00bb animation=\u00bbtop\u00bb background_layout=\u00bblight\u00bb text_orientation=\u00bbcenter\u00bb use_icon_font_size=\u00bboff\u00bb border_style=\u00bbsolid\u00bb body_font_size=\u00bb24&#8243; header_font_size=\u00bb14&#8243; background_position=\u00bbtop_left\u00bb background_repeat=\u00bbrepeat\u00bb background_size=\u00bbinitial\u00bb _builder_version=\u00bb3.0.51&#8243; url=\u00bbhttps:\/\/villena.salesianos.edu\/ampa\/musicalampa\/\u00bb header_text_color=\u00bb#727272&#8243; image_max_width=\u00bb100%\u00bb \/][et_pb_blurb admin_label=\u00bbComunicados\u00bb title=\u00bbComunicados\u00bb url_new_window=\u00bbon\u00bb use_icon=\u00bbon\u00bb font_icon=\u00bb%%72%%\u00bb use_circle=\u00bbon\u00bb circle_color=\u00bb#ffffff\u00bb use_circle_border=\u00bbon\u00bb circle_border_color=\u00bb#727272&#8243; icon_placement=\u00bbtop\u00bb background_layout=\u00bblight\u00bb text_orientation=\u00bbcenter\u00bb use_icon_font_size=\u00bboff\u00bb border_style=\u00bbsolid\u00bb body_font_size=\u00bb24&#8243; header_font_size=\u00bb14&#8243; background_position=\u00bbtop_left\u00bb background_repeat=\u00bbrepeat\u00bb background_size=\u00bbinitial\u00bb _builder_version=\u00bb3.0.89&#8243; url=\u00bbhttps:\/\/villena.salesianos.edu\/ampa\/comunicados\u00bb header_text_color=\u00bb#727272&#8243; max_width_tablet=\u00bb50px\u00bb border_style_all=\u00bbsolid\u00bb \/][et_pb_blurb admin_label=\u00bbContactar\u00bb title=\u00bbContactar\u00bb url_new_window=\u00bboff\u00bb use_icon=\u00bbon\u00bb font_icon=\u00bb%%74%%\u00bb use_circle=\u00bbon\u00bb circle_color=\u00bb#ffffff\u00bb use_circle_border=\u00bbon\u00bb circle_border_color=\u00bb#727272&#8243; icon_placement=\u00bbtop\u00bb animation=\u00bbtop\u00bb background_layout=\u00bblight\u00bb text_orientation=\u00bbcenter\u00bb use_icon_font_size=\u00bboff\u00bb border_style=\u00bbsolid\u00bb body_font_size=\u00bb24&#8243; header_font_size=\u00bb14&#8243; background_position=\u00bbtop_left\u00bb background_repeat=\u00bbrepeat\u00bb background_size=\u00bbinitial\u00bb _builder_version=\u00bb3.0.51&#8243; url=\u00bbhttps:\/\/villena.salesianos.edu\/ampa\/contactarampa\/\u00bb header_text_color=\u00bb#727272&#8243; image_max_width=\u00bb100%\u00bb \/][\/et_pb_column][\/et_pb_row][\/et_pb_section]<\/p>\n","protected":false},"excerpt":{"rendered":"<p>Musicales Cuatro Musicales llevamos ya en nuestro haber. Durante el pasado curso se llevaron a cabo las representaciones de nuestra \u00faltima\u00a0obra \u00abEl musical de tus vecinos\u00bb. Ya son varios a\u00f1os que surgi\u00f3 desde la Asociaci\u00f3n el poder realizar alguna actividad diferente y atractiva, que pudiera atraer la atenci\u00f3n de los miembros. Involucrando a padres y [&hellip;]<\/p>\n","protected":false},"author":2,"featured_media":0,"parent":0,"menu_order":0,"comment_status":"closed","ping_status":"closed","template":"","meta":{"_et_pb_use_builder":"on","_et_pb_old_content":"","_et_gb_content_width":"","footnotes":""},"class_list":["post-3351","page","type-page","status-publish","hentry"],"yoast_head":"<!-- This site is optimized with the Yoast SEO plugin v27.4 - https:\/\/yoast.com\/product\/yoast-seo-wordpress\/ -->\n<title>Musicales - ampa<\/title>\n<meta name=\"robots\" content=\"index, follow, max-snippet:-1, max-image-preview:large, max-video-preview:-1\" \/>\n<link rel=\"canonical\" href=\"https:\/\/villena.salesianos.edu\/ampa\/musicalampa\/\" \/>\n<meta property=\"og:locale\" content=\"es_ES\" \/>\n<meta property=\"og:type\" content=\"article\" \/>\n<meta property=\"og:title\" content=\"Musicales - ampa\" \/>\n<meta property=\"og:description\" content=\"Musicales Cuatro Musicales llevamos ya en nuestro haber. Durante el pasado curso se llevaron a cabo las representaciones de nuestra \u00faltima\u00a0obra &quot;El musical de tus vecinos&quot;. Ya son varios a\u00f1os que surgi\u00f3 desde la Asociaci\u00f3n el poder realizar alguna actividad diferente y atractiva, que pudiera atraer la atenci\u00f3n de los miembros. Involucrando a padres y [&hellip;]\" \/>\n<meta property=\"og:url\" content=\"https:\/\/villena.salesianos.edu\/ampa\/musicalampa\/\" \/>\n<meta property=\"og:site_name\" content=\"ampa\" \/>\n<meta property=\"article:modified_time\" content=\"2019-01-11T14:51:01+00:00\" \/>\n<meta name=\"twitter:card\" content=\"summary_large_image\" \/>\n<meta name=\"twitter:label1\" content=\"Tiempo de lectura\" \/>\n\t<meta name=\"twitter:data1\" content=\"8 minutos\" \/>\n<script type=\"application\/ld+json\" class=\"yoast-schema-graph\">{\"@context\":\"https:\\\/\\\/schema.org\",\"@graph\":[{\"@type\":\"WebPage\",\"@id\":\"https:\\\/\\\/villena.salesianos.edu\\\/ampa\\\/musicalampa\\\/\",\"url\":\"https:\\\/\\\/villena.salesianos.edu\\\/ampa\\\/musicalampa\\\/\",\"name\":\"Musicales - ampa\",\"isPartOf\":{\"@id\":\"https:\\\/\\\/villena.salesianos.edu\\\/ampa\\\/#website\"},\"datePublished\":\"2017-07-20T14:09:59+00:00\",\"dateModified\":\"2019-01-11T14:51:01+00:00\",\"breadcrumb\":{\"@id\":\"https:\\\/\\\/villena.salesianos.edu\\\/ampa\\\/musicalampa\\\/#breadcrumb\"},\"inLanguage\":\"es\",\"potentialAction\":[{\"@type\":\"ReadAction\",\"target\":[\"https:\\\/\\\/villena.salesianos.edu\\\/ampa\\\/musicalampa\\\/\"]}]},{\"@type\":\"BreadcrumbList\",\"@id\":\"https:\\\/\\\/villena.salesianos.edu\\\/ampa\\\/musicalampa\\\/#breadcrumb\",\"itemListElement\":[{\"@type\":\"ListItem\",\"position\":1,\"name\":\"Portada\",\"item\":\"https:\\\/\\\/villena.salesianos.edu\\\/ampa\\\/\"},{\"@type\":\"ListItem\",\"position\":2,\"name\":\"Musicales\"}]},{\"@type\":\"WebSite\",\"@id\":\"https:\\\/\\\/villena.salesianos.edu\\\/ampa\\\/#website\",\"url\":\"https:\\\/\\\/villena.salesianos.edu\\\/ampa\\\/\",\"name\":\"ampa\",\"description\":\"P\u00e1gina oficial AMPA Salesianos Villena\",\"potentialAction\":[{\"@type\":\"SearchAction\",\"target\":{\"@type\":\"EntryPoint\",\"urlTemplate\":\"https:\\\/\\\/villena.salesianos.edu\\\/ampa\\\/?s={search_term_string}\"},\"query-input\":{\"@type\":\"PropertyValueSpecification\",\"valueRequired\":true,\"valueName\":\"search_term_string\"}}],\"inLanguage\":\"es\"}]}<\/script>\n<!-- \/ Yoast SEO plugin. -->","yoast_head_json":{"title":"Musicales - ampa","robots":{"index":"index","follow":"follow","max-snippet":"max-snippet:-1","max-image-preview":"max-image-preview:large","max-video-preview":"max-video-preview:-1"},"canonical":"https:\/\/villena.salesianos.edu\/ampa\/musicalampa\/","og_locale":"es_ES","og_type":"article","og_title":"Musicales - ampa","og_description":"Musicales Cuatro Musicales llevamos ya en nuestro haber. Durante el pasado curso se llevaron a cabo las representaciones de nuestra \u00faltima\u00a0obra \"El musical de tus vecinos\". Ya son varios a\u00f1os que surgi\u00f3 desde la Asociaci\u00f3n el poder realizar alguna actividad diferente y atractiva, que pudiera atraer la atenci\u00f3n de los miembros. Involucrando a padres y [&hellip;]","og_url":"https:\/\/villena.salesianos.edu\/ampa\/musicalampa\/","og_site_name":"ampa","article_modified_time":"2019-01-11T14:51:01+00:00","twitter_card":"summary_large_image","twitter_misc":{"Tiempo de lectura":"8 minutos"},"schema":{"@context":"https:\/\/schema.org","@graph":[{"@type":"WebPage","@id":"https:\/\/villena.salesianos.edu\/ampa\/musicalampa\/","url":"https:\/\/villena.salesianos.edu\/ampa\/musicalampa\/","name":"Musicales - ampa","isPartOf":{"@id":"https:\/\/villena.salesianos.edu\/ampa\/#website"},"datePublished":"2017-07-20T14:09:59+00:00","dateModified":"2019-01-11T14:51:01+00:00","breadcrumb":{"@id":"https:\/\/villena.salesianos.edu\/ampa\/musicalampa\/#breadcrumb"},"inLanguage":"es","potentialAction":[{"@type":"ReadAction","target":["https:\/\/villena.salesianos.edu\/ampa\/musicalampa\/"]}]},{"@type":"BreadcrumbList","@id":"https:\/\/villena.salesianos.edu\/ampa\/musicalampa\/#breadcrumb","itemListElement":[{"@type":"ListItem","position":1,"name":"Portada","item":"https:\/\/villena.salesianos.edu\/ampa\/"},{"@type":"ListItem","position":2,"name":"Musicales"}]},{"@type":"WebSite","@id":"https:\/\/villena.salesianos.edu\/ampa\/#website","url":"https:\/\/villena.salesianos.edu\/ampa\/","name":"ampa","description":"P\u00e1gina oficial AMPA Salesianos Villena","potentialAction":[{"@type":"SearchAction","target":{"@type":"EntryPoint","urlTemplate":"https:\/\/villena.salesianos.edu\/ampa\/?s={search_term_string}"},"query-input":{"@type":"PropertyValueSpecification","valueRequired":true,"valueName":"search_term_string"}}],"inLanguage":"es"}]}},"_links":{"self":[{"href":"https:\/\/villena.salesianos.edu\/ampa\/wp-json\/wp\/v2\/pages\/3351","targetHints":{"allow":["GET"]}}],"collection":[{"href":"https:\/\/villena.salesianos.edu\/ampa\/wp-json\/wp\/v2\/pages"}],"about":[{"href":"https:\/\/villena.salesianos.edu\/ampa\/wp-json\/wp\/v2\/types\/page"}],"author":[{"embeddable":true,"href":"https:\/\/villena.salesianos.edu\/ampa\/wp-json\/wp\/v2\/users\/2"}],"replies":[{"embeddable":true,"href":"https:\/\/villena.salesianos.edu\/ampa\/wp-json\/wp\/v2\/comments?post=3351"}],"version-history":[{"count":24,"href":"https:\/\/villena.salesianos.edu\/ampa\/wp-json\/wp\/v2\/pages\/3351\/revisions"}],"predecessor-version":[{"id":3964,"href":"https:\/\/villena.salesianos.edu\/ampa\/wp-json\/wp\/v2\/pages\/3351\/revisions\/3964"}],"wp:attachment":[{"href":"https:\/\/villena.salesianos.edu\/ampa\/wp-json\/wp\/v2\/media?parent=3351"}],"curies":[{"name":"wp","href":"https:\/\/api.w.org\/{rel}","templated":true}]}}