{"id":2878,"date":"2017-08-21T13:31:03","date_gmt":"2017-08-21T12:31:03","guid":{"rendered":"https:\/\/villena.salesianos.edu\/clubdeportivo\/aviso-legal\/"},"modified":"2017-08-29T15:54:31","modified_gmt":"2017-08-29T14:54:31","slug":"aviso-legal","status":"publish","type":"page","link":"https:\/\/villena.salesianos.edu\/clubdeportivo\/aviso-legal\/","title":{"rendered":"aviso legal"},"content":{"rendered":"<p>[et_pb_section bb_built=\u00bb1&#8243; admin_label=\u00bbsection\u00bb][et_pb_row admin_label=\u00bbrow\u00bb background_position=\u00bbtop_left\u00bb background_repeat=\u00bbrepeat\u00bb background_size=\u00bbinitial\u00bb][et_pb_column type=\u00bb4_4&#8243;][et_pb_text admin_label=\u00bbT\u00edtulo (texto)\u00bb background_layout=\u00bblight\u00bb text_orientation=\u00bbleft\u00bb text_font_size=\u00bb18&#8243; text_text_color=\u00bb#dc001b\u00bb border_style=\u00bbsolid\u00bb text_font=\u00bb|on|||\u00bb background_position=\u00bbtop_left\u00bb background_repeat=\u00bbrepeat\u00bb background_size=\u00bbinitial\u00bb _builder_version=\u00bb3.0.51&#8243;]<\/p>\n<h1>Aviso legal<\/h1>\n<p>[\/et_pb_text][et_pb_text admin_label=\u00bbTexto\u00bb background_layout=\u00bblight\u00bb text_orientation=\u00bbjustified\u00bb border_style=\u00bbsolid\u00bb text_font=\u00bbArial||||\u00bb text_line_height=\u00bb1.8em\u00bb background_position=\u00bbtop_left\u00bb background_repeat=\u00bbrepeat\u00bb background_size=\u00bbinitial\u00bb _builder_version=\u00bb3.0.51&#8243;]<\/p>\n<p>\u00abEn cumplimiento con el deber de informaci\u00f3n recogido en el art\u00edculo 10 de la Ley 34\/2002, del 11 de julio, de Servicios de la Sociedad de la Informaci\u00f3n y Comercio Electr\u00f3nico (LSSICE) se exponen a continuaci\u00f3n los datos:<\/p>\n<p>La entidad titular del dominio web es <span style=\"color: #ff0000;\">Salesianos Mar\u00eda Auxiliadora<\/span>, con domicilio social <span style=\"color: #ff0000;\">Plaza M\u00aa Auxiliadora, 7<\/span>\u00a0y CIF <span style=\"color: #ff0000;\">R0300307F<\/span>\u00a0inscrita en <span style=\"color: #ff0000;\">(citar el que corresponda x ej.- el Registro de Entidades Religiosas con el n\u00ba\u2026\u2026..)<\/span> Correo electr\u00f3nico de contacto <span style=\"color: #ff0000;\">villena@salesianos.edu<\/span>\u00a0y tel\u00e9fono<span style=\"color: #ff0000;\">\u00a0965 80 47 55<\/span><\/p>\n<p>El acceso y uso de este portal de <span style=\"color: #ff0000;\">Salesianos M\u00aa Auxiliadora Villena<\/span>\u00a0atribuye la condici\u00f3n de USUARIO, que acepta, desde dicho acceso y\/o uso, las Condiciones Generales de Uso aqu\u00ed reflejadas. Las citadas condiciones ser\u00e1n de aplicaci\u00f3n independientemente de las Condiciones Generales de Contrataci\u00f3n que en su caso resulten de obligado cumplimiento.<\/p>\n<p><span style=\"color: #ff0000;\">www.villena.salesianos.edu<\/span>\u00a0proporciona el acceso a informaciones, servicios, programas o datos contenidos en Internet pertenecientes a <span style=\"color: #ff0000;\">Salesianos M\u00aa Auxiliadora Villena<\/span>\u00a0del sitio web o a sus licenciantes a los que el USUARIO pueda tener acceso. El USUARIO asume la responsabilidad del uso del portal. Dicha responsabilidad se extiende, en su caso, al registro que fuese necesario para acceder a determinados servicios o contenidos. En dicho registro el USUARIO ser\u00e1 responsable de aportar informaci\u00f3n veraz y l\u00edcita. Con este registro, al USUARIO se le puede proporcionar una contrase\u00f1a de la que ser\u00e1 responsable, comprometi\u00e9ndose a hacer un uso diligente y confidencial de la misma. El USUARIO se compromete a hacer un uso adecuado de los contenidos y servicios ofrecidos en el sitio web que<span style=\"color: #ff0000;\"> Salesianos M\u00aa Auxiliadora Villena<\/span>\u00a0ofrece y con car\u00e1cter enunciativo pero no limitativo, a no emplearlos para:<\/p>\n<ul>\n<li style=\"list-style-type: none;\">\n<ul>\n<li>incurrir en actividades il\u00edcitas, ilegales o contrarias a la buena fe y al orden p\u00fablico;<\/li>\n<li>difundir contenidos o propaganda de car\u00e1cter racista, xen\u00f3fobo, pornogr\u00e1fico-ilegal, de apolog\u00eda del terrorismo o atentatorio contra los derechos humanos;<\/li>\n<li>provocar da\u00f1os en los sistemas f\u00edsicos y l\u00f3gicos de <span style=\"color: #ff0000;\">Salesianos M\u00aa Auxiliadora Villena<\/span>, de sus proveedores o de terceras personas, introducir o difundir en la red virus inform\u00e1ticos o cualesquiera otros sistemas f\u00edsicos o l\u00f3gicos que sean susceptibles de provocar los da\u00f1os anteriormente mencionados;<\/li>\n<li>intentar acceder y, en su caso, utilizar las cuentas de correo electr\u00f3nico de otros usuarios y modificar o manipular sus mensajes.<\/li>\n<\/ul>\n<\/li>\n<\/ul>\n<p><span style=\"color: #ff0000;\">Salesianos M\u00aa Auxiliadora Villena<\/span> se reserva el derecho de retirar todos aquellos comentarios y aportaciones que vulneren el respeto a la dignidad de la persona, que sean discriminatorios, xen\u00f3fobos, racistas, pornogr\u00e1ficos, que atenten contra la juventud o la infancia, el orden o la seguridad p\u00fablica o que, a su juicio, no resultaran adecuados para su publicaci\u00f3n. En cualquier caso, Nombre de la empresa creadora del sitio web no ser\u00e1 responsable de las opiniones vertidas por los usuarios a trav\u00e9s de los foros, chats, u otras herramientas de participaci\u00f3n<\/p>\n<p>[\/et_pb_text][\/et_pb_column][\/et_pb_row][\/et_pb_section]<\/p>\n","protected":false},"excerpt":{"rendered":"<p>Aviso legal \u00abEn cumplimiento con el deber de informaci\u00f3n recogido en el art\u00edculo 10 de la Ley 34\/2002, del 11 de julio, de Servicios de la Sociedad de la Informaci\u00f3n y Comercio Electr\u00f3nico (LSSICE) se exponen a continuaci\u00f3n los datos: La entidad titular del dominio web es Salesianos Mar\u00eda Auxiliadora, con domicilio social Plaza M\u00aa [&hellip;]<\/p>\n","protected":false},"author":2,"featured_media":0,"parent":0,"menu_order":0,"comment_status":"closed","ping_status":"closed","template":"","meta":{"_et_pb_use_builder":"on","_et_pb_old_content":"","_et_gb_content_width":"","footnotes":""},"class_list":["post-2878","page","type-page","status-publish","hentry"],"yoast_head":"<!-- This site is optimized with the Yoast SEO plugin v28.3 - https:\/\/yoast.com\/product\/yoast-seo-wordpress\/ -->\n<title>aviso legal - Club Deportivo Salesianos Villena<\/title>\n<meta name=\"robots\" content=\"index, follow, max-snippet:-1, max-image-preview:large, max-video-preview:-1\" \/>\n<link rel=\"canonical\" href=\"https:\/\/villena.salesianos.edu\/clubdeportivo\/aviso-legal\/\" \/>\n<meta property=\"og:locale\" content=\"es_ES\" \/>\n<meta property=\"og:type\" content=\"article\" \/>\n<meta property=\"og:title\" content=\"aviso legal - Club Deportivo Salesianos Villena\" \/>\n<meta property=\"og:description\" content=\"Aviso legal &quot;En cumplimiento con el deber de informaci\u00f3n recogido en el art\u00edculo 10 de la Ley 34\/2002, del 11 de julio, de Servicios de la Sociedad de la Informaci\u00f3n y Comercio Electr\u00f3nico (LSSICE) se exponen a continuaci\u00f3n los datos: La entidad titular del dominio web es Salesianos Mar\u00eda Auxiliadora, con domicilio social Plaza M\u00aa [&hellip;]\" \/>\n<meta property=\"og:url\" content=\"https:\/\/villena.salesianos.edu\/clubdeportivo\/aviso-legal\/\" \/>\n<meta property=\"og:site_name\" content=\"Club Deportivo Salesianos Villena\" \/>\n<meta property=\"article:modified_time\" content=\"2017-08-29T14:54:31+00:00\" \/>\n<meta name=\"twitter:card\" content=\"summary_large_image\" \/>\n<meta name=\"twitter:label1\" content=\"Tiempo de lectura\" \/>\n\t<meta name=\"twitter:data1\" content=\"3 minutos\" \/>\n<script type=\"application\/ld+json\" class=\"yoast-schema-graph\">{\"@context\":\"https:\\\/\\\/schema.org\",\"@graph\":[{\"@type\":\"WebPage\",\"@id\":\"https:\\\/\\\/villena.salesianos.edu\\\/clubdeportivo\\\/aviso-legal\\\/\",\"url\":\"https:\\\/\\\/villena.salesianos.edu\\\/clubdeportivo\\\/aviso-legal\\\/\",\"name\":\"aviso legal - Club Deportivo Salesianos Villena\",\"isPartOf\":{\"@id\":\"https:\\\/\\\/villena.salesianos.edu\\\/clubdeportivo\\\/#website\"},\"datePublished\":\"2017-08-21T12:31:03+00:00\",\"dateModified\":\"2017-08-29T14:54:31+00:00\",\"breadcrumb\":{\"@id\":\"https:\\\/\\\/villena.salesianos.edu\\\/clubdeportivo\\\/aviso-legal\\\/#breadcrumb\"},\"inLanguage\":\"es\",\"potentialAction\":[{\"@type\":\"ReadAction\",\"target\":[\"https:\\\/\\\/villena.salesianos.edu\\\/clubdeportivo\\\/aviso-legal\\\/\"]}]},{\"@type\":\"BreadcrumbList\",\"@id\":\"https:\\\/\\\/villena.salesianos.edu\\\/clubdeportivo\\\/aviso-legal\\\/#breadcrumb\",\"itemListElement\":[{\"@type\":\"ListItem\",\"position\":1,\"name\":\"Portada\",\"item\":\"https:\\\/\\\/villena.salesianos.edu\\\/clubdeportivo\\\/\"},{\"@type\":\"ListItem\",\"position\":2,\"name\":\"aviso legal\"}]},{\"@type\":\"WebSite\",\"@id\":\"https:\\\/\\\/villena.salesianos.edu\\\/clubdeportivo\\\/#website\",\"url\":\"https:\\\/\\\/villena.salesianos.edu\\\/clubdeportivo\\\/\",\"name\":\"Club Deportivo Salesianos Villena\",\"description\":\"P\u00e1gina oficial Salesianos Villena\",\"potentialAction\":[{\"@type\":\"SearchAction\",\"target\":{\"@type\":\"EntryPoint\",\"urlTemplate\":\"https:\\\/\\\/villena.salesianos.edu\\\/clubdeportivo\\\/?s={search_term_string}\"},\"query-input\":{\"@type\":\"PropertyValueSpecification\",\"valueRequired\":true,\"valueName\":\"search_term_string\"}}],\"inLanguage\":\"es\"}]}<\/script>\n<!-- \/ Yoast SEO plugin. -->","yoast_head_json":{"title":"aviso legal - Club Deportivo Salesianos Villena","robots":{"index":"index","follow":"follow","max-snippet":"max-snippet:-1","max-image-preview":"max-image-preview:large","max-video-preview":"max-video-preview:-1"},"canonical":"https:\/\/villena.salesianos.edu\/clubdeportivo\/aviso-legal\/","og_locale":"es_ES","og_type":"article","og_title":"aviso legal - Club Deportivo Salesianos Villena","og_description":"Aviso legal \"En cumplimiento con el deber de informaci\u00f3n recogido en el art\u00edculo 10 de la Ley 34\/2002, del 11 de julio, de Servicios de la Sociedad de la Informaci\u00f3n y Comercio Electr\u00f3nico (LSSICE) se exponen a continuaci\u00f3n los datos: La entidad titular del dominio web es Salesianos Mar\u00eda Auxiliadora, con domicilio social Plaza M\u00aa [&hellip;]","og_url":"https:\/\/villena.salesianos.edu\/clubdeportivo\/aviso-legal\/","og_site_name":"Club Deportivo Salesianos Villena","article_modified_time":"2017-08-29T14:54:31+00:00","twitter_card":"summary_large_image","twitter_misc":{"Tiempo de lectura":"3 minutos"},"schema":{"@context":"https:\/\/schema.org","@graph":[{"@type":"WebPage","@id":"https:\/\/villena.salesianos.edu\/clubdeportivo\/aviso-legal\/","url":"https:\/\/villena.salesianos.edu\/clubdeportivo\/aviso-legal\/","name":"aviso legal - Club Deportivo Salesianos Villena","isPartOf":{"@id":"https:\/\/villena.salesianos.edu\/clubdeportivo\/#website"},"datePublished":"2017-08-21T12:31:03+00:00","dateModified":"2017-08-29T14:54:31+00:00","breadcrumb":{"@id":"https:\/\/villena.salesianos.edu\/clubdeportivo\/aviso-legal\/#breadcrumb"},"inLanguage":"es","potentialAction":[{"@type":"ReadAction","target":["https:\/\/villena.salesianos.edu\/clubdeportivo\/aviso-legal\/"]}]},{"@type":"BreadcrumbList","@id":"https:\/\/villena.salesianos.edu\/clubdeportivo\/aviso-legal\/#breadcrumb","itemListElement":[{"@type":"ListItem","position":1,"name":"Portada","item":"https:\/\/villena.salesianos.edu\/clubdeportivo\/"},{"@type":"ListItem","position":2,"name":"aviso legal"}]},{"@type":"WebSite","@id":"https:\/\/villena.salesianos.edu\/clubdeportivo\/#website","url":"https:\/\/villena.salesianos.edu\/clubdeportivo\/","name":"Club Deportivo Salesianos Villena","description":"P\u00e1gina oficial Salesianos Villena","potentialAction":[{"@type":"SearchAction","target":{"@type":"EntryPoint","urlTemplate":"https:\/\/villena.salesianos.edu\/clubdeportivo\/?s={search_term_string}"},"query-input":{"@type":"PropertyValueSpecification","valueRequired":true,"valueName":"search_term_string"}}],"inLanguage":"es"}]}},"_links":{"self":[{"href":"https:\/\/villena.salesianos.edu\/clubdeportivo\/wp-json\/wp\/v2\/pages\/2878","targetHints":{"allow":["GET"]}}],"collection":[{"href":"https:\/\/villena.salesianos.edu\/clubdeportivo\/wp-json\/wp\/v2\/pages"}],"about":[{"href":"https:\/\/villena.salesianos.edu\/clubdeportivo\/wp-json\/wp\/v2\/types\/page"}],"author":[{"embeddable":true,"href":"https:\/\/villena.salesianos.edu\/clubdeportivo\/wp-json\/wp\/v2\/users\/2"}],"replies":[{"embeddable":true,"href":"https:\/\/villena.salesianos.edu\/clubdeportivo\/wp-json\/wp\/v2\/comments?post=2878"}],"version-history":[{"count":4,"href":"https:\/\/villena.salesianos.edu\/clubdeportivo\/wp-json\/wp\/v2\/pages\/2878\/revisions"}],"predecessor-version":[{"id":2901,"href":"https:\/\/villena.salesianos.edu\/clubdeportivo\/wp-json\/wp\/v2\/pages\/2878\/revisions\/2901"}],"wp:attachment":[{"href":"https:\/\/villena.salesianos.edu\/clubdeportivo\/wp-json\/wp\/v2\/media?parent=2878"}],"curies":[{"name":"wp","href":"https:\/\/api.w.org\/{rel}","templated":true}]}}

<p>[et_pb_section bb_built=»1&#8243; admin_label=»section»][et_pb_row admin_label=»row» background_position=»top_left» background_repeat=»repeat» background_size=»initial»][et_pb_column type=»4_4&#8243;][et_pb_text admin_label=»Título (texto)» background_layout=»light» text_orientation=»left» text_font_size=»18&#8243; text_text_color=»#dc001b» border_style=»solid» text_font=»|on|||» background_position=»top_left» background_repeat=»repeat» background_size=»initial» _builder_version=»3.0.51&#8243;]</p>
<h1>Aviso legal</h1>
<p>[/et_pb_text][et_pb_text admin_label=»Texto» background_layout=»light» text_orientation=»justified» border_style=»solid» text_font=»Arial||||» text_line_height=»1.8em» background_position=»top_left» background_repeat=»repeat» background_size=»initial» _builder_version=»3.0.51&#8243;]</p>
<p>«En cumplimiento con el deber de información recogido en el artículo 10 de la Ley 34/2002, del 11 de julio, de Servicios de la Sociedad de la Información y Comercio Electrónico (LSSICE) se exponen a continuación los datos:</p>
<p>La entidad titular del dominio web es <span style="color: #ff0000;">Salesianos María Auxiliadora</span>, con domicilio social <span style="color: #ff0000;">Plaza Mª Auxiliadora, 7</span> y CIF <span style="color: #ff0000;">R0300307F</span> inscrita en <span style="color: #ff0000;">(citar el que corresponda x ej.- el Registro de Entidades Religiosas con el nº……..)</span> Correo electrónico de contacto <span style="color: #ff0000;">villena@salesianos.edu</span> y teléfono<span style="color: #ff0000;"> 965 80 47 55</span></p>
<p>El acceso y uso de este portal de <span style="color: #ff0000;">Salesianos Mª Auxiliadora Villena</span> atribuye la condición de USUARIO, que acepta, desde dicho acceso y/o uso, las Condiciones Generales de Uso aquí reflejadas. Las citadas condiciones serán de aplicación independientemente de las Condiciones Generales de Contratación que en su caso resulten de obligado cumplimiento.</p>
<p><span style="color: #ff0000;">www.villena.salesianos.edu</span> proporciona el acceso a informaciones, servicios, programas o datos contenidos en Internet pertenecientes a <span style="color: #ff0000;">Salesianos Mª Auxiliadora Villena</span> del sitio web o a sus licenciantes a los que el USUARIO pueda tener acceso. El USUARIO asume la responsabilidad del uso del portal. Dicha responsabilidad se extiende, en su caso, al registro que fuese necesario para acceder a determinados servicios o contenidos. En dicho registro el USUARIO será responsable de aportar información veraz y lícita. Con este registro, al USUARIO se le puede proporcionar una contraseña de la que será responsable, comprometiéndose a hacer un uso diligente y confidencial de la misma. El USUARIO se compromete a hacer un uso adecuado de los contenidos y servicios ofrecidos en el sitio web que<span style="color: #ff0000;"> Salesianos Mª Auxiliadora Villena</span> ofrece y con carácter enunciativo pero no limitativo, a no emplearlos para:</p>
<ul>
<li style="list-style-type: none;">
<ul>
<li>incurrir en actividades ilícitas, ilegales o contrarias a la buena fe y al orden público;</li>
<li>difundir contenidos o propaganda de carácter racista, xenófobo, pornográfico-ilegal, de apología del terrorismo o atentatorio contra los derechos humanos;</li>
<li>provocar daños en los sistemas físicos y lógicos de <span style="color: #ff0000;">Salesianos Mª Auxiliadora Villena</span>, de sus proveedores o de terceras personas, introducir o difundir en la red virus informáticos o cualesquiera otros sistemas físicos o lógicos que sean susceptibles de provocar los daños anteriormente mencionados;</li>
<li>intentar acceder y, en su caso, utilizar las cuentas de correo electrónico de otros usuarios y modificar o manipular sus mensajes.</li>
</ul>
</li>
</ul>
<p><span style="color: #ff0000;">Salesianos Mª Auxiliadora Villena</span> se reserva el derecho de retirar todos aquellos comentarios y aportaciones que vulneren el respeto a la dignidad de la persona, que sean discriminatorios, xenófobos, racistas, pornográficos, que atenten contra la juventud o la infancia, el orden o la seguridad pública o que, a su juicio, no resultaran adecuados para su publicación. En cualquier caso, Nombre de la empresa creadora del sitio web no será responsable de las opiniones vertidas por los usuarios a través de los foros, chats, u otras herramientas de participación</p>
<p>[/et_pb_text][/et_pb_column][/et_pb_row][/et_pb_section]</p>

<p>Aviso legal «En cumplimiento con el deber de información recogido en el artículo 10 de la Ley 34/2002, del 11 de julio, de Servicios de la Sociedad de la Información y Comercio Electrónico (LSSICE) se exponen a continuación los datos: La entidad titular del dominio web es Salesianos María Auxiliadora, con domicilio social Plaza Mª [&hellip;]</p>

<!-- This site is optimized with the Yoast SEO plugin v28.3 - https://yoast.com/product/yoast-seo-wordpress/ -->
<title>aviso legal - Club Deportivo Salesianos Villena</title>
<meta name="robots" content="index, follow, max-snippet:-1, max-image-preview:large, max-video-preview:-1" />
<link rel="canonical" href="https://villena.salesianos.edu/clubdeportivo/aviso-legal/" />
<meta property="og:locale" content="es_ES" />
<meta property="og:type" content="article" />
<meta property="og:title" content="aviso legal - Club Deportivo Salesianos Villena" />
<meta property="og:description" content="Aviso legal &quot;En cumplimiento con el deber de información recogido en el artículo 10 de la Ley 34/2002, del 11 de julio, de Servicios de la Sociedad de la Información y Comercio Electrónico (LSSICE) se exponen a continuación los datos: La entidad titular del dominio web es Salesianos María Auxiliadora, con domicilio social Plaza Mª [&hellip;]" />
<meta property="og:url" content="https://villena.salesianos.edu/clubdeportivo/aviso-legal/" />
<meta property="og:site_name" content="Club Deportivo Salesianos Villena" />
<meta property="article:modified_time" content="2017-08-29T14:54:31+00:00" />
<meta name="twitter:card" content="summary_large_image" />
<meta name="twitter:label1" content="Tiempo de lectura" />
	<meta name="twitter:data1" content="3 minutos" />
<script type="application/ld+json" class="yoast-schema-graph">{"@context":"https:\/\/schema.org","@graph":[{"@type":"WebPage","@id":"https:\/\/villena.salesianos.edu\/clubdeportivo\/aviso-legal\/","url":"https:\/\/villena.salesianos.edu\/clubdeportivo\/aviso-legal\/","name":"aviso legal - Club Deportivo Salesianos Villena","isPartOf":{"@id":"https:\/\/villena.salesianos.edu\/clubdeportivo\/#website"},"datePublished":"2017-08-21T12:31:03+00:00","dateModified":"2017-08-29T14:54:31+00:00","breadcrumb":{"@id":"https:\/\/villena.salesianos.edu\/clubdeportivo\/aviso-legal\/#breadcrumb"},"inLanguage":"es","potentialAction":[{"@type":"ReadAction","target":["https:\/\/villena.salesianos.edu\/clubdeportivo\/aviso-legal\/"]}]},{"@type":"BreadcrumbList","@id":"https:\/\/villena.salesianos.edu\/clubdeportivo\/aviso-legal\/#breadcrumb","itemListElement":[{"@type":"ListItem","position":1,"name":"Portada","item":"https:\/\/villena.salesianos.edu\/clubdeportivo\/"},{"@type":"ListItem","position":2,"name":"aviso legal"}]},{"@type":"WebSite","@id":"https:\/\/villena.salesianos.edu\/clubdeportivo\/#website","url":"https:\/\/villena.salesianos.edu\/clubdeportivo\/","name":"Club Deportivo Salesianos Villena","description":"Página oficial Salesianos Villena","potentialAction":[{"@type":"SearchAction","target":{"@type":"EntryPoint","urlTemplate":"https:\/\/villena.salesianos.edu\/clubdeportivo\/?s={search_term_string}"},"query-input":{"@type":"PropertyValueSpecification","valueRequired":true,"valueName":"search_term_string"}}],"inLanguage":"es"}]}</script>
<!-- / Yoast SEO plugin. -->

Aviso legal "En cumplimiento con el deber de información recogido en el artículo 10 de la Ley 34/2002, del 11 de julio, de Servicios de la Sociedad de la Información y Comercio Electrónico (LSSICE) se exponen a continuación los datos: La entidad titular del dominio web es Salesianos María Auxiliadora, con domicilio social Plaza Mª [&hellip;]

Página oficial Salesianos Villena
